{"id":92,"date":"2023-03-07T08:32:27","date_gmt":"2023-03-07T08:32:27","guid":{"rendered":"https:\/\/asenovasl.es\/?page_id=92"},"modified":"2023-03-12T09:08:26","modified_gmt":"2023-03-12T09:08:26","slug":"area-laboral","status":"publish","type":"page","link":"https:\/\/asenovasl.es\/index.php\/home\/area-laboral\/","title":{"rendered":"\u00c1rea Laboral"},"content":{"rendered":"<h1><span style=\"color: #000080;\"><strong>asesoramiento Laboral<\/strong><\/span><\/h1>\n<ul>\n<li>\n<h2>Asesoramiento en Contrataciones<\/h2>\n<\/li>\n<li>\n<h2>Gesti\u00f3n y Administraci\u00f3n de N\u00f3minas<\/h2>\n<\/li>\n<li>\n<h2>Gesti\u00f3n de la Seguridad Social<\/h2>\n<\/li>\n<li>\n<h2>Representaci\u00f3n en Inspecci\u00f3n de Trabajo<\/h2>\n<\/li>\n<li>\n<h2>Gesti\u00f3n de cr\u00e9ditos de Formaci\u00f3n Bonificada<\/h2>\n<\/li>\n<li>\n<h2>Gesti\u00f3n de Subvenciones<\/h2>\n<\/li>\n<li>\n<h2>Otros<\/h2>\n<\/li>\n<\/ul>\n","protected":false},"excerpt":{"rendered":"<p>asesoramiento Laboral Asesoramiento en Contrataciones Gesti\u00f3n y Administraci\u00f3n de N\u00f3minas Gesti\u00f3n de la Seguridad Social Representaci\u00f3n en Inspecci\u00f3n de Trabajo Gesti\u00f3n de cr\u00e9ditos de Formaci\u00f3n Bonificada Gesti\u00f3n de Subvenciones Otros<\/p>\n","protected":false},"author":1,"featured_media":0,"parent":6,"menu_order":0,"comment_status":"closed","ping_status":"closed","template":"","meta":{"footnotes":""},"class_list":["post-92","page","type-page","status-publish","hentry"],"_links":{"self":[{"href":"https:\/\/asenovasl.es\/index.php\/wp-json\/wp\/v2\/pages\/92","targetHints":{"allow":["GET"]}}],"collection":[{"href":"https:\/\/asenovasl.es\/index.php\/wp-json\/wp\/v2\/pages"}],"about":[{"href":"https:\/\/asenovasl.es\/index.php\/wp-json\/wp\/v2\/types\/page"}],"author":[{"embeddable":true,"href":"https:\/\/asenovasl.es\/index.php\/wp-json\/wp\/v2\/users\/1"}],"replies":[{"embeddable":true,"href":"https:\/\/asenovasl.es\/index.php\/wp-json\/wp\/v2\/comments?post=92"}],"version-history":[{"count":6,"href":"https:\/\/asenovasl.es\/index.php\/wp-json\/wp\/v2\/pages\/92\/revisions"}],"predecessor-version":[{"id":116,"href":"https:\/\/asenovasl.es\/index.php\/wp-json\/wp\/v2\/pages\/92\/revisions\/116"}],"up":[{"embeddable":true,"href":"https:\/\/asenovasl.es\/index.php\/wp-json\/wp\/v2\/pages\/6"}],"wp:attachment":[{"href":"https:\/\/asenovasl.es\/index.php\/wp-json\/wp\/v2\/media?parent=92"}],"curies":[{"name":"wp","href":"https:\/\/api.w.org\/{rel}","templated":true}]}}